{"id":31,"date":"2015-04-14T13:29:21","date_gmt":"2015-04-14T13:29:21","guid":{"rendered":"http:\/\/plataformamicroscopiaavanzada.biol.unlp.edu.ar\/?page_id=31"},"modified":"2025-03-07T15:13:36","modified_gmt":"2025-03-07T15:13:36","slug":"microscopio-de-diseccion-laser-leica","status":"publish","type":"page","link":"https:\/\/plataformamicroscopiaavanzada.biol.unlp.edu.ar\/?page_id=31","title":{"rendered":"Microscopio de Disecci\u00f3n L\u00e1ser Leica"},"content":{"rendered":"<p>Este sistema permite aislar c\u00e9lulas \u00fanicas o grupos de c\u00e9lulas para an\u00e1lisis molecular en cualquiera de los siguientes campos: Patolog\u00eda Molecular, Biolog\u00eda Celular, Investigaci\u00f3n del c\u00e1ncer, Medicina forense, Gen\u00f3mica\/Prote\u00f3mica, Inmunolog\u00eda, Investigaci\u00f3n alimentaria, Neurociencia, Diagn\u00f3stico prenatal, Microbiolog\u00eda\/Virolog\u00eda.<\/p>\n<p>El sistema proporciona una alta calidad de imagen que permite localizar las c\u00e9lulas de manera r\u00e1pida y f\u00e1cil. Los espec\u00edmenes se montan sobre una membrana,\u00a0 el dibujo a mano alzada o mediante figuras predeterminadas permite seleccionar tantas c\u00e9lulas individuales o grupos de c\u00e9lulas como se desee. Una vez seleccionadas, se cortan autom\u00e1ticamente utilizando un l\u00e1ser UV s\u00f3lido de alta precisi\u00f3n. M\u00e1s informaci\u00f3n:\u00a0<a href=\"http:\/\/plataformamicroscopiaavanzada.biol.unlp.edu.ar\/wp-content\/uploads\/2015\/05\/Sistema-de-diseccion-laser.pdf\">Microscopio de Disecci\u00f3n L\u00e1ser<\/a><\/p>\n<p><span style=\"color: #99cc00;\"><strong>\u00a0Videos ilustrativos<\/strong><\/span><\/p>\n<p><iframe title=\"Laser microdissection of tissue using DIRECTOR slides and Leica LMD6000\" width=\"525\" height=\"394\" src=\"https:\/\/www.youtube.com\/embed\/mXfv0D7Gc3Q?feature=oembed\" frameborder=\"0\" allow=\"accelerometer; autoplay; clipboard-write; encrypted-media; gyroscope; picture-in-picture\" allowfullscreen><\/iframe><\/p>\n<p><iframe title=\"The Basic Principles of Laser Microdissection (Science Lab)\" width=\"525\" height=\"394\" src=\"https:\/\/www.youtube.com\/embed\/0vj9i3iS5Vw?feature=oembed\" frameborder=\"0\" allow=\"accelerometer; autoplay; clipboard-write; encrypted-media; gyroscope; picture-in-picture\" allowfullscreen><\/iframe><\/p>\n<p><strong>Publicaciones<\/strong><\/p>\n<p><a href=\"https:\/\/www.leica-microsystems.com\/science-lab\/laser-microdissection\/laser-microdissection-publication-list\/\">https:\/\/www.leica-microsystems.com\/science-lab\/laser-microdissection\/laser-microdissection-publication-list\/<\/a><\/p>\n<p><\/p>","protected":false},"excerpt":{"rendered":"<p>Este sistema permite aislar c\u00e9lulas \u00fanicas o grupos de c\u00e9lulas para an\u00e1lisis molecular en cualquiera de los siguientes campos: Patolog\u00eda Molecular, Biolog\u00eda Celular, Investigaci\u00f3n del c\u00e1ncer, Medicina forense, Gen\u00f3mica\/Prote\u00f3mica, Inmunolog\u00eda, Investigaci\u00f3n alimentaria, Neurociencia, Diagn\u00f3stico prenatal, Microbiolog\u00eda\/Virolog\u00eda. El sistema proporciona una alta calidad de imagen que permite localizar las c\u00e9lulas de manera r\u00e1pida y f\u00e1cil. Los &hellip; <\/p>\n<p class=\"link-more\"><a href=\"https:\/\/plataformamicroscopiaavanzada.biol.unlp.edu.ar\/?page_id=31\" class=\"more-link\">Continuar leyendo<span class=\"screen-reader-text\"> \u00abMicroscopio de Disecci\u00f3n L\u00e1ser Leica\u00bb<\/span><\/a><\/p>\n","protected":false},"author":1,"featured_media":0,"parent":0,"menu_order":2,"comment_status":"closed","ping_status":"closed","template":"","meta":[],"_links":{"self":[{"href":"https:\/\/plataformamicroscopiaavanzada.biol.unlp.edu.ar\/index.php?rest_route=\/wp\/v2\/pages\/31"}],"collection":[{"href":"https:\/\/plataformamicroscopiaavanzada.biol.unlp.edu.ar\/index.php?rest_route=\/wp\/v2\/pages"}],"about":[{"href":"https:\/\/plataformamicroscopiaavanzada.biol.unlp.edu.ar\/index.php?rest_route=\/wp\/v2\/types\/page"}],"author":[{"embeddable":true,"href":"https:\/\/plataformamicroscopiaavanzada.biol.unlp.edu.ar\/index.php?rest_route=\/wp\/v2\/users\/1"}],"replies":[{"embeddable":true,"href":"https:\/\/plataformamicroscopiaavanzada.biol.unlp.edu.ar\/index.php?rest_route=%2Fwp%2Fv2%2Fcomments&post=31"}],"version-history":[{"count":14,"href":"https:\/\/plataformamicroscopiaavanzada.biol.unlp.edu.ar\/index.php?rest_route=\/wp\/v2\/pages\/31\/revisions"}],"predecessor-version":[{"id":336,"href":"https:\/\/plataformamicroscopiaavanzada.biol.unlp.edu.ar\/index.php?rest_route=\/wp\/v2\/pages\/31\/revisions\/336"}],"wp:attachment":[{"href":"https:\/\/plataformamicroscopiaavanzada.biol.unlp.edu.ar\/index.php?rest_route=%2Fwp%2Fv2%2Fmedia&parent=31"}],"curies":[{"name":"wp","href":"https:\/\/api.w.org\/{rel}","templated":true}]}}