{"id":83,"date":"2015-04-16T14:16:58","date_gmt":"2015-04-16T14:16:58","guid":{"rendered":"http:\/\/plataformamicroscopiaavanzada.biol.unlp.edu.ar\/?page_id=83"},"modified":"2016-09-15T14:37:42","modified_gmt":"2016-09-15T14:37:42","slug":"contactenos","status":"publish","type":"page","link":"https:\/\/plataformamicroscopiaavanzada.biol.unlp.edu.ar\/?page_id=83","title":{"rendered":"Cont\u00e1ctenos"},"content":{"rendered":"<p>Consultas microscop\u00eda confocal,\u00a0microscopia de fluorescencia, disecci\u00f3n l\u00e1ser y cri\u00f3tomo:<\/p>\n<p>unlp.confocal@gmail.com<\/p>\n<p>Direcci\u00f3n:<\/p>\n<p>Edificio Ex Liceo, Planta Baja<br \/>\nFacultad de Ciencias Exactas, UNLP<br \/>\n49 y 115 La Plata<\/p>","protected":false},"excerpt":{"rendered":"<p>Consultas microscop\u00eda confocal,\u00a0microscopia de fluorescencia, disecci\u00f3n l\u00e1ser y cri\u00f3tomo: unlp.confocal@gmail.com Direcci\u00f3n: Edificio Ex Liceo, Planta Baja Facultad de Ciencias Exactas, UNLP 49 y 115 La Plata<\/p>\n","protected":false},"author":1,"featured_media":0,"parent":0,"menu_order":0,"comment_status":"closed","ping_status":"closed","template":"","meta":[],"_links":{"self":[{"href":"https:\/\/plataformamicroscopiaavanzada.biol.unlp.edu.ar\/index.php?rest_route=\/wp\/v2\/pages\/83"}],"collection":[{"href":"https:\/\/plataformamicroscopiaavanzada.biol.unlp.edu.ar\/index.php?rest_route=\/wp\/v2\/pages"}],"about":[{"href":"https:\/\/plataformamicroscopiaavanzada.biol.unlp.edu.ar\/index.php?rest_route=\/wp\/v2\/types\/page"}],"author":[{"embeddable":true,"href":"https:\/\/plataformamicroscopiaavanzada.biol.unlp.edu.ar\/index.php?rest_route=\/wp\/v2\/users\/1"}],"replies":[{"embeddable":true,"href":"https:\/\/plataformamicroscopiaavanzada.biol.unlp.edu.ar\/index.php?rest_route=%2Fwp%2Fv2%2Fcomments&post=83"}],"version-history":[{"count":3,"href":"https:\/\/plataformamicroscopiaavanzada.biol.unlp.edu.ar\/index.php?rest_route=\/wp\/v2\/pages\/83\/revisions"}],"predecessor-version":[{"id":241,"href":"https:\/\/plataformamicroscopiaavanzada.biol.unlp.edu.ar\/index.php?rest_route=\/wp\/v2\/pages\/83\/revisions\/241"}],"wp:attachment":[{"href":"https:\/\/plataformamicroscopiaavanzada.biol.unlp.edu.ar\/index.php?rest_route=%2Fwp%2Fv2%2Fmedia&parent=83"}],"curies":[{"name":"wp","href":"https:\/\/api.w.org\/{rel}","templated":true}]}}